me factors of n.
2, 5, 37
Let s(h) = 146*h - 28. Let k be s(11). List the prime factors of (2 - 1)/(k/394 + -4).
197
Suppose -3066 = -z + m + 3*m, 12340 = 4*z + 3*m. List the prime factors of z.
2, 23, 67
Let q = -171 + 174. Suppose -r + 7 - 2 = -q*a, -5*a + 15 = 3*r. List the prime factors of r.
5
Suppose 0*g - 3*g - 293 = -5*x, 0 = -g - x - 87. Let v = -64 - g. What are the prime factors of v?
3
List the prime factors of ((-12)/27)/(2/3)*-24.
2
Let c(l) = -l**3 - 16*l**2 + 22*l - 32. List the prime factors of c(-20).
2, 3, 47
Suppose -26*s - 5247 = -31091. List the prime factors of s.
2, 7, 71
Suppose -9*l + 1097 = -991. List the prime factors of l.
2, 29
Let p be ((-104)/(-65))/((-1)/5). Let i(j) = -12*j - 26. What are the prime factors of i(p)?
2, 5, 7
Suppose -5*d = -9*d + 16. Suppose 4*n = -3*v + 380, d*n - 404 = -0*n + 3*v. What are the prime factors of n?
2, 7
Let x = 232 + 132. Suppose -s = 3*s - x. What are the prime factors of s?
7, 13
Let o = -113 - -253. Suppose -5*j - o + 485 = 0. List the prime factors of j.
3, 23
Suppose 2*x - 3 = 23. Let u(g) = -g**3 + 12*g**2 + 13*g. Let n be u(x). Suppose 172 = -n*d + 4*d. What are the prime factors of d?
43
Suppose 7*y - 29*y = -69388. List the prime factors of y.
2, 19, 83
List the prime factors of 112/(-168)*3906/(-4).
3, 7, 31
Suppose -i + 288 = 5*t, 5*t = -8 - 2. What are the prime factors of i?
2, 149
Suppose 2*c - 5*t = -20, 0 = 2*c - t - 3 + 7. Suppose -3*b + 4*p + 203 = 0, -5*b + 2*p + 3*p + 335 = c. Suppose 1 + b = 3*s. What are the prime factors of s?
2, 11
List the prime factors of (-5 - 2)/7 + (908 - -2).
3, 101
Let v be ((-12)/10)/(4/(-10)). Suppose 85 = 3*a - 3*k - k, v*k = -4*a + 105. List the prime factors of a.
3
Let t(f) = 24*f**2 - 21*f + 286. List the prime factors of t(9).
13, 157
Let m = 6 - 8. Let f be (-127)/m + (-21)/(-14). Let r = -6 + f. List the prime factors of r.
59
Suppose -4031 = -25*o + 3619. List the prime factors of o.
2, 3, 17
Let b = -351 + 885. List the prime factors of b.
2, 3, 89
Let o(w) = 3*w**2 + 44*w - 23. What are the prime factors of o(-16)?
41
Let b(z) = -z - 10. Suppose 29 = -4*x + g, -6*g + g - 16 = 3*x. Let q be b(x). What are the prime factors of 1 + q - -31 - 1?
2, 7
Suppose -4*i - 4*m = i - 83, 3*i = 3*m + 39. Let n = i - 16. What are the prime factors of n + 3 + 6 + -4?
2
Suppose 64 + 32 = -4*b. Let z = 38 - 54. What are the prime factors of b/z*(-4)/(-3)?
2
Let r = 23 - 9. Suppose g = -3*p + 18, -6*g + 2*g + 5*p - 13 = 0. Suppose 5*a = 3*o + 33, g*a = o - 5*o + r. List the prime factors of a.
2, 3
Let l(d) = 15*d + 25. Let f be l(-5). Let y = f - -88. List the prime factors of y.
2, 19
Let u be (-4)/(4*(-2)/4). Suppose -10*c + u = -9*c. Suppose -26 = -c*l + 10. List the prime factors of l.
2, 3
Let l = 391 - -1534. List the prime factors of l.
5, 7, 11
Let v = -123 + 75. What are the prime factors of (6/(-4))/(v/1888)?
59
Let c(g) = g**2 - 16*g + 10. Let z be c(-7). Suppose z = 3*x - 15. What are the prime factors of x?
2, 31
Suppose -7 = -3*m - 2*z, -5*m + 2*m + 12 = -3*z. Suppose 0 + 8 = 8*o. Suppose -o = r - m*p - 8, -5*r + 5*p = -35. List the prime factors of r.
7
Let m = -4 - -16. Suppose 2*c - 116 = m. What are the prime factors of c?
2
Suppose -2*g + 0*g - 142 = 0. Let m = 132 + g. List the prime factors of m.
61
Suppose 174 = -5*p + k, -4*p = -0*k + 4*k + 120. Let q = 49 + p. What are the prime factors of q?
3, 5
Let c be (-6)/30 - (-42)/10. Suppose 4*u = 2*u + 2*x + 166, -77 = -u + c*x. List the prime factors of u.
5, 17
Suppose -28*s + 26588 = -11*s. List the prime factors of s.
2, 17, 23
Suppose 4 + 164 = 7*o. List the prime factors of o.
2, 3
Suppose 0 = -7*l + 3*l + 5*i + 40, -l + 5*i + 25 = 0. Suppose -5*v - 2*w = -410, -24 - 381 = -l*v - w. List the prime factors of v.
2, 5
Let f(o) = -o + 1. Let h(n) = 4*n - 2. Let b(y) = 6*f(y) - h(y). What are the prime factors of b(-6)?
2, 17
What are the prime factors of (16/3)/((-11)/((-3102)/4))?
2, 47
Suppose 2*n - 6*n + 24 = 0. Suppose 5*b - n*b = -36. What are the prime factors of b?
2, 3
Suppose s - 2575 = -7*k + 3*k, -5*k + 3203 = -4*s. Suppose 5*i + 3*c = 5*c + k, 3*i - 361 = -5*c. What are the prime factors of i?
127
Let q(r) = r**2 - 13*r - 3. Let f be q(14). Suppose -6*p + p = -145. Let n = p - f. What are the prime factors of n?
2, 3
Suppose 0 = i - 3*b - 14, 4*i + 5*b + 10 = 3*i. Suppose i*j - 1046 = 4*y - 6*y, -4*j + 846 = -3*y. What are the prime factors of j?
2, 3, 5, 7
Let i(d) = 11*d**2 + 59*d - 628. What are the prime factors of i(11)?
2, 13
Let w(g) = -g**2 + 12*g - 8. Let t = -10 + 9. Let q be 8 + 6/3 + t. List the prime factors of w(q).
19
Let h = -1288 + 1910. List the prime factors of h.
2, 311
Suppose 4*k + k = 5*p, 3*k = 2*p. Suppose -2*s + q + 191 = k, 2*s - 4*q = 4*s - 206. What are the prime factors of s?
97
Let p(a) = 4*a**3 + 29*a**2 + 15*a + 11. What are the prime factors of p(-6)?
101
Let f(l) = -l**2 + 7*l + 21. Let y be f(9). Suppose 5*d - 236 = -0*d - y*q, -4*q = -8. List the prime factors of d.
2, 23
Let j(v) = 241*v + 6. List the prime factors of j(1).
13, 19
Suppose 0*t = n + 5*t - 102, -3*n + 3*t + 342 = 0. List the prime factors of n.
2, 7
Let i(o) = 3*o**2 - o. Let t be i(-1). Suppose -w - 2 + t = 0. Suppose -1 = -f + 4*q - 11, 0 = -w*f - q + 16. What are the prime factors of f?
2, 3
Let b(d) = d**3 - 7*d**2 + 6*d + 76. What are the prime factors of b(12)?
2, 7, 31
Suppose 0 = -2*z - 0*h - 2*h - 18, 5*h = -2*z - 18. Let d = z - -13. Suppose 9*y - d*y - 20 = 0. What are the prime factors of y?
2
Let c(k) = k**3 + 5*k**2 - k + 6. Let r = -6 - -7. Let f(v) = v**3 - v + 1. Let o(g) = r*c(g) - 2*f(g). What are the prime factors of o(5)?
3
Let h(o) be the third derivative of o**6/120 + o**5/6 + o**4/24 - o**3/3 + 3*o**2. List the prime factors of h(-9).
2, 5, 7
Let n = 107 - 14. Suppose 0 = 2*y + 23 - n. What are the prime factors of y?
5, 7
Let u(h) = h - 8. Let f be u(10). Let s be 1*1/(f/4). Suppose 46 = -0*d + s*d. List the prime factors of d.
23
Let k be (-9)/(-2) - 5/10. Suppose -h + k = h. Suppose 5*a - 129 = -h*z, 6*a - 5*z - 90 = 2*a. What are the prime factors of a?
5
Let i(x) = -x**2 + 2*x + 20. Let r be i(0). Let m = -23 + 13. Let a = r + m. What are the prime factors of a?
2, 5
Suppose 2*o - 1049 = -5*n + 2873, 5883 = 3*o + n. What are the prime factors of o?
37, 53
Suppose -590*a - 1012 = -601*a. What are the prime factors of a?
2, 23
Suppose 6*l = 5*l + 3. Suppose 3*p - l = -0, 4*p + 95 = n. List the prime factors of n.
3, 11
Let l(n) = -13*n - 11. Let g(v) = 38*v + 32. Let c(q) = 4*g(q) + 11*l(q). Let j be c(4). Let f = j + -23. What are the prime factors of f?
2, 5
Let f = -7 + 10. Let a(h) = 4*h**3 - 2*h**2 - h - 4. What are the prime factors of a(f)?
83
Let i = -1115 + 1163. List the prime factors of i.
2, 3
Let y(u) = u + 4. Let h be y(-5). Let n(c) = 68*c**2 + c + 2. What are the prime factors of n(h)?
3, 23
What are the prime factors of 4/6*1 + 44800/120?
2, 11, 17
Let s(b) = -8*b**2 - 50*b + 41*b + 23 + 6*b**2 + b**2. Let k(x) = -x**2 + x - 4. Let p be k(3). List the prime factors of s(p).
13
Suppose 7*w = 32*w - 36200. What are the prime factors of w?
2, 181
Suppose -3*h + h + 5*y = -24, 0 = 4*y + 16. Suppose 2*p + 5*f = p + 22, 0 = 2*p + h*f - 84. What are the prime factors of p?
47
Suppose -7*i = -5*u - 3*i + 97, -u + 4*i + 29 = 0. Let d = -7 + u. List the prime factors of d.
2, 5
Let x = -374 + 733. List the prime factors of x.
359
Let k(i) be the second derivative of 1/2*i**2 + 0 - 1/6*i**3 - 6*i. What are the prime factors of k(-8)?
3
What are the prime factors of 2/7*-1*-7?
2
Suppose 8 = t + 2*c, -31 + 27 = t - 2*c. List the prime factors of t.
2
Let l = -123 + 1034. What are the prime factors of l?
911
Let h(k) = -2*k**2 - 38*k - 40. Let l be h(-18). What are the prime factors of 2*((-30)/40 + (-41)/l)?
19
Suppose -2*k - h + 172 = 0, k - 91 = -0*h + 2*h. Let q be 2/(3 + k/(-30)). Let i = -5 + q. List the prime factors of i.
3, 5
Let b(z) = 26*z**2 - 5*z + 18. What are the prime factors of b(5)?
643
Let u(d) = 8*d**2. Let k be (-1)/(-3) + 6/9. Let s be u(k). Let q(a) = 3*a - 9. What are the prime factors of q(s)?
3, 5
Suppose 4*j - 49 = -j - 2*i, j + 5*i = -4. Suppose 0 = j*r - 3*r - 248. List the prime factors of